{"id":2115,"date":"2021-06-07T14:58:26","date_gmt":"2021-06-07T13:58:26","guid":{"rendered":"http:\/\/rafaelcosquiere.com\/ecalfor\/?page_id=2115"},"modified":"2023-04-12T11:40:49","modified_gmt":"2023-04-12T10:40:49","slug":"comision-de-coordinacion","status":"publish","type":"page","link":"https:\/\/ecalfor.eu\/en\/miembros-del-consorcio\/comision-de-coordinacion\/","title":{"rendered":"Coordination Commission"},"content":{"rendered":"<div data-elementor-type=\"wp-page\" data-elementor-id=\"2115\" class=\"elementor elementor-2115\" data-elementor-post-type=\"page\">\n\t\t\t\t\t\t<section class=\"elementor-section elementor-top-section elementor-element elementor-element-74bfb595 elementor-section-boxed elementor-section-height-default elementor-section-height-default\" data-id=\"74bfb595\" data-element_type=\"section\">\n\t\t\t\t\t\t<div class=\"elementor-container elementor-column-gap-default\">\n\t\t\t\t\t<div class=\"elementor-column elementor-col-100 elementor-top-column elementor-element elementor-element-177d9b28\" data-id=\"177d9b28\" data-element_type=\"column\">\n\t\t\t<div class=\"elementor-widget-wrap elementor-element-populated\">\n\t\t\t\t\t\t<div class=\"elementor-element elementor-element-678b17a6 elementor-widget elementor-widget-text-editor\" data-id=\"678b17a6\" data-element_type=\"widget\" data-widget_type=\"text-editor.default\">\n\t\t\t\t<div class=\"elementor-widget-container\">\n\t\t\t\t\t\t\t\t\t<p>It is the main body, made up of the representatives of all the institutions. Its main function is the general coordination of the project. The formation of the Coordination Commission took place on April 21, 2021, in a virtual meeting. The coordinator is Dr. Oswaldo Lorenzo Quiles and the secretary is Dr. Andrea Paz. The Coordination Commission is made up of the following members:<\/p>\n<ul>\n<li><a href=\"https:\/\/ecalfor.eu\/en\/miembros-del-consorcio\/participantes-en-el-proyecto\/#elementor-tab-title-9541\">Dr. Oswaldo Lorenzo Quiles<\/a><\/li>\n<li><a href=\"https:\/\/ecalfor.eu\/en\/miembros-del-consorcio\/participantes-en-el-proyecto\/#elementor-tab-title-9542\">Dr. Mercedes Gonz\u00e1lez Sanmamed<\/a><\/li>\n<li><a href=\"https:\/\/ecalfor.eu\/en\/miembros-del-consorcio\/participantes-en-el-proyecto\/#elementor-tab-title-9543\">Dr. Pascal Lafont<\/a><\/li>\n<li><a href=\"https:\/\/ecalfor.eu\/en\/miembros-del-consorcio\/participantes-en-el-proyecto\/#elementor-tab-title-9544\">Dr. Ira Vannini<\/a><\/li>\n<li>Dr. Matti Tedre<\/li>\n<li><a href=\"https:\/\/ecalfor.eu\/en\/miembros-del-consorcio\/participantes-en-el-proyecto\/#elementor-tab-title-9546\">Dr. Mariela Sonia Jim\u00e9nez<\/a><\/li>\n<li><a href=\"https:\/\/ecalfor.eu\/en\/miembros-del-consorcio\/participantes-en-el-proyecto\/#elementor-tab-title-9547\">Dr. Pedro Canto<\/a><\/li>\n<li><a href=\"https:\/\/ecalfor.eu\/en\/miembros-del-consorcio\/participantes-en-el-proyecto\/#elementor-tab-title-9548\">Dr. Darwin Mu\u00f1oz<\/a><\/li>\n<li><a href=\"https:\/\/ecalfor.eu\/en\/miembros-del-consorcio\/participantes-en-el-proyecto\/#elementor-tab-title-9549\">Dr. Andrea Paz<\/a><\/li>\n<li>Dr. Miriam Gallardo<\/li>\n<li>Dr. Ulina Mapp<\/li>\n<li>Dr. Johanna Abril<\/li>\n<li><a href=\"https:\/\/ecalfor.eu\/en\/miembros-del-consorcio\/participantes-en-el-proyecto\/#elementor-tab-title-95412\">Dr. Fernando Lara<\/a><\/li>\n<li><a href=\"https:\/\/ecalfor.eu\/en\/miembros-del-consorcio\/participantes-en-el-proyecto\/#elementor-tab-title-95413\">Dr. Ricieri Carilini Zorzal<\/a><\/li>\n<li>Dr. Marcia Lopes Reis<\/li>\n<li>Dr. Manuel Fernandez Cruz<\/li>\n<li><a href=\"https:\/\/ecalfor.eu\/en\/miembros-del-consorcio\/participantes-en-el-proyecto\/#elementor-tab-title-95414\">Dra. Maria Dolores Castro Pais<\/a><\/li>\n<li><a href=\"https:\/\/ecalfor.eu\/en\/miembros-del-consorcio\/participantes-en-el-proyecto\/#elementor-tab-title-95415\">Dra. Delva Odalys Batista Mendieta<\/a><\/li>\n<li>Dr. Jos\u00e9 Antonio Calder\u00f3n Mart\u00ednez<\/li>\n<\/ul>\t\t\t\t\t\t\t\t<\/div>\n\t\t\t\t<\/div>\n\t\t\t\t\t<\/div>\n\t\t<\/div>\n\t\t\t\t\t<\/div>\n\t\t<\/section>\n\t\t\t\t<\/div>","protected":false},"excerpt":{"rendered":"<p>It is the main body, made up of representatives of all institutions. Its main function is the general coordination of the project. The formation of the Coordination Commission took place on April 21, 2021, in a virtual meeting. The coordinator is Dr. Oswaldo Lorenzo Quiles and the secretary is Dr. Andrea Paz. [\u2026]<\/p>","protected":false},"author":2,"featured_media":1920,"parent":1710,"menu_order":0,"comment_status":"closed","ping_status":"closed","template":"","meta":{"footnotes":""},"class_list":["post-2115","page","type-page","status-publish","has-post-thumbnail","hentry"],"_links":{"self":[{"href":"https:\/\/ecalfor.eu\/en\/wp-json\/wp\/v2\/pages\/2115","targetHints":{"allow":["GET"]}}],"collection":[{"href":"https:\/\/ecalfor.eu\/en\/wp-json\/wp\/v2\/pages"}],"about":[{"href":"https:\/\/ecalfor.eu\/en\/wp-json\/wp\/v2\/types\/page"}],"author":[{"embeddable":true,"href":"https:\/\/ecalfor.eu\/en\/wp-json\/wp\/v2\/users\/2"}],"replies":[{"embeddable":true,"href":"https:\/\/ecalfor.eu\/en\/wp-json\/wp\/v2\/comments?post=2115"}],"version-history":[{"count":0,"href":"https:\/\/ecalfor.eu\/en\/wp-json\/wp\/v2\/pages\/2115\/revisions"}],"up":[{"embeddable":true,"href":"https:\/\/ecalfor.eu\/en\/wp-json\/wp\/v2\/pages\/1710"}],"wp:featuredmedia":[{"embeddable":true,"href":"https:\/\/ecalfor.eu\/en\/wp-json\/wp\/v2\/media\/1920"}],"wp:attachment":[{"href":"https:\/\/ecalfor.eu\/en\/wp-json\/wp\/v2\/media?parent=2115"}],"curies":[{"name":"wp","href":"https:\/\/api.w.org\/{rel}","templated":true}]}}

<div data-elementor-type="wp-page" data-elementor-id="2115" class="elementor elementor-2115" data-elementor-post-type="page">
						<section class="elementor-section elementor-top-section elementor-element elementor-element-74bfb595 elementor-section-boxed elementor-section-height-default elementor-section-height-default" data-id="74bfb595" data-element_type="section">
						<div class="elementor-container elementor-column-gap-default">
					<div class="elementor-column elementor-col-100 elementor-top-column elementor-element elementor-element-177d9b28" data-id="177d9b28" data-element_type="column">
			<div class="elementor-widget-wrap elementor-element-populated">
						<div class="elementor-element elementor-element-678b17a6 elementor-widget elementor-widget-text-editor" data-id="678b17a6" data-element_type="widget" data-widget_type="text-editor.default">
				<div class="elementor-widget-container">
									<p>It is the main body, made up of the representatives of all the institutions. Its main function is the general coordination of the project. The formation of the Coordination Commission took place on April 21, 2021, in a virtual meeting. The coordinator is Dr. Oswaldo Lorenzo Quiles and the secretary is Dr. Andrea Paz. The Coordination Commission is made up of the following members:</p>
<ul>
<li><a href="https://ecalfor.eu/en/miembros-del-consorcio/participantes-en-el-proyecto/#elementor-tab-title-9541">Dr. Oswaldo Lorenzo Quiles</a></li>
<li><a href="https://ecalfor.eu/en/miembros-del-consorcio/participantes-en-el-proyecto/#elementor-tab-title-9542">Dr. Mercedes González Sanmamed</a></li>
<li><a href="https://ecalfor.eu/en/miembros-del-consorcio/participantes-en-el-proyecto/#elementor-tab-title-9543">Dr. Pascal Lafont</a></li>
<li><a href="https://ecalfor.eu/en/miembros-del-consorcio/participantes-en-el-proyecto/#elementor-tab-title-9544">Dr. Ira Vannini</a></li>
<li>Dr. Matti Tedre</li>
<li><a href="https://ecalfor.eu/en/miembros-del-consorcio/participantes-en-el-proyecto/#elementor-tab-title-9546">Dr. Mariela Sonia Jiménez</a></li>
<li><a href="https://ecalfor.eu/en/miembros-del-consorcio/participantes-en-el-proyecto/#elementor-tab-title-9547">Dr. Pedro Canto</a></li>
<li><a href="https://ecalfor.eu/en/miembros-del-consorcio/participantes-en-el-proyecto/#elementor-tab-title-9548">Dr. Darwin Muñoz</a></li>
<li><a href="https://ecalfor.eu/en/miembros-del-consorcio/participantes-en-el-proyecto/#elementor-tab-title-9549">Dr. Andrea Paz</a></li>
<li>Dr. Miriam Gallardo</li>
<li>Dr. Ulina Mapp</li>
<li>Dr. Johanna Abril</li>
<li><a href="https://ecalfor.eu/en/miembros-del-consorcio/participantes-en-el-proyecto/#elementor-tab-title-95412">Dr. Fernando Lara</a></li>
<li><a href="https://ecalfor.eu/en/miembros-del-consorcio/participantes-en-el-proyecto/#elementor-tab-title-95413">Dr. Ricieri Carilini Zorzal</a></li>
<li>Dr. Marcia Lopes Reis</li>
<li>Dr. Manuel Fernandez Cruz</li>
<li><a href="https://ecalfor.eu/en/miembros-del-consorcio/participantes-en-el-proyecto/#elementor-tab-title-95414">Dra. Maria Dolores Castro Pais</a></li>
<li><a href="https://ecalfor.eu/en/miembros-del-consorcio/participantes-en-el-proyecto/#elementor-tab-title-95415">Dra. Delva Odalys Batista Mendieta</a></li>
<li>Dr. José Antonio Calderón Martínez</li>
</ul>								</div>
				</div>
					</div>
		</div>
					</div>
		</section>
				</div>
